 digit of a?
2
Let k(x) = 44*x**3 - x + 1. What is the units digit of k(1)?
4
Suppose m + 0*m + 3 = 0. Let f(r) = r**3 + 4*r**2 - 2*r. What is the tens digit of f(m)?
1
Suppose 4*r = -3*z + 367, 4*r = z - 206 + 585. What is the units digit of r?
4
Let d = 8 + -2. Suppose 6 = -3*j - d. What is the units digit of 1*5 - (j + 2)?
7
What is the units digit of -60*(22/(-4) + 3)?
0
Let r(q) = q**3 - 6*q**2 + 3*q - 4. Let a be r(5). What is the units digit of (-33)/(-7) + (-4)/a?
5
Suppose j - 5 = c, 4*j + 4*c + c = 38. Suppose 2*o = o + 2*s + j, 3*o + 4*s = 1. Suppose l + 4*t = -0*t + 17, 3 = o*t. What is the tens digit of l?
1
What is the units digit of (-12)/(-4 - -8) - -48?
5
Let p be 3/(2 + 1)*2. Suppose 9 = -p*l + 29. What is the units digit of 2/(-5) + 74/l?
7
Let m = 130 - 107. What is the tens digit of m?
2
Suppose -5*w = 3*z + 26, -z + 8 = -5*w - 10. What is the units digit of (1/z)/((-4)/80)?
0
Let b be -2*(-5)/(20/(-294)). What is the tens digit of b/(-7) - (-2)/1?
2
Suppose -4*p = -2*p - 298. What is the units digit of p?
9
Suppose 5*x - 438 = 4*s, 0 = -4*x - 2*s - 63 + 403. Let l = -40 + x. What is the units digit of l?
6
What is the tens digit of (2/7 + 5260/(-35))/(-1)?
5
Suppose -2*p = -5*g + 13, 4*p - 5 = -1. Suppose -5*z + 54 = -0*z - 3*i, 2*z - 3*i = 27. Let k = z - g. What is the units digit of k?
6
Let t = 536 - 223. What is the units digit of t?
3
Let z = -174 - -315. What is the tens digit of z?
4
Let u be (-2514)/(-36) - (-1)/6. Suppose 0 = s + s - u. What is the units digit of s?
5
Suppose 0 = 5*z - 5*x - 30, -z + 2 = -5*x + 2*x. Let u = -4 + z. Suppose 0 = u*o - o - 45. What is the units digit of o?
5
What is the tens digit of (-26)/4*(-10 - -8)?
1
What is the tens digit of 1*(-2 - 19/(-1))?
1
Let b = 4 + -1. Suppose -w - 4*j + 31 - 6 = 0, 5*w + b*j = 74. What is the tens digit of w?
1
Let t(f) = -f - 1. Let m be t(-7). Let k = 10 - m. What is the units digit of 54/12 - (-2)/k?
5
Let y(i) = -i**3 + 8*i**2 + 7*i - 6. Let j be y(4). What is the units digit of (-16)/(-40) + j/10?
9
Let p = 106 - -24. What is the units digit of p?
0
Let j(b) = b**2 + b + 36. What is the units digit of j(0)?
6
Suppose -p = -0*p + 2. Let c(n) = 8*n**2 - 2*n. Let v be c(p). Suppose 4*o + v = 92. What is the tens digit of o?
1
Suppose -5*m - 55 = -5*b, 4*b - 35 - 13 = 5*m. Suppose p + 24 = b. Let c = 28 + p. What is the tens digit of c?
1
Suppose 0 = -9*t + 4*t + 10. Suppose -2*i - t*i + 36 = 0. What is the units digit of i?
9
Let q be (-81)/(-15) + (-2)/5. Suppose 2 = x, -q*w + 2*x = -x + 26. What is the tens digit of ((-12)/9)/(w/54)?
1
Let u(j) = j**2 + 5*j - 4. Let i be 2/(-6) + 102/(-18). Let m be u(i). What is the units digit of ((-6)/(-3))/(m/9)?
9
Suppose -o - s = -116, -5*o + 730 = -3*s + 126. What is the tens digit of o?
1
Suppose 3*t = 3*f - 90, -f - t + 14 + 12 = 0. What is the tens digit of f?
2
Let a = -12 + -2. What is the units digit of (-150)/a + (-2)/(-7)?
1
Let o = -91 - -133. What is the units digit of o?
2
Let v = -50 + 72. Let g = 53 - v. What is the tens digit of g?
3
Suppose o - 48 = -12. What is the tens digit of o?
3
Let y(l) be the third derivative of -11/6*l**3 + 0 - l**2 - 1/12*l**4 - 1/120*l**6 + 0*l - 2/15*l**5. What is the units digit of y(-8)?
5
Let i(p) = -p**2 + 4. Let q be i(3). Let f be (12/7)/(3/21). Let y = q + f. What is the units digit of y?
7
Let m = 21 + -8. Suppose -5*d = s + 1, -6*s + d = -3*s - m. Suppose s*f - 20 = -0*f. What is the units digit of f?
5
Suppose 109 = 2*z + 3*j, 4*z - 99 = 2*z - j. What is the units digit of z?
7
Suppose 866 = 6*k - 100. What is the tens digit of k?
6
What is the units digit of 1 + -3 + 36 - 1?
3
Let o(r) = -r**3 - 6*r**2 - r + 4. Let m be o(-6). Suppose 5*n - m = j, 5*j + 4*n - 3*n = 80. Suppose -2*d = -9 - j. What is the units digit of d?
2
What is the units digit of 8/(32/207) - (-6)/(-8)?
1
Let r = 3 - -13. What is the units digit of r?
6
What is the units digit of ((-8)/10)/((-2)/145)?
8
Suppose -5 = -5*w + 55. What is the units digit of w?
2
Suppose -x + 76 = 3*x. What is the units digit of x?
9
Suppose 4*o - 66 = -q, 4*o = -3*q - 2*q + 298. Let h be q/1 - (-2)/1. Suppose -h = x - 5*x. What is the tens digit of x?
1
Suppose 0 = 2*s - 0 - 2. Let k = s - -16. What is the units digit of k?
7
Let p = 10 + -8. Let j be 11/3 - (-1)/3. Suppose 4*x - 11 = 3*d, 0 = -p*x + d + j + 1. What is the units digit of x?
2
Suppose 3*v = -c + 131, -45 = -v + c - 0*c. Suppose -3*m + 2*b + 13 = 0, 2*b - 6*b = 4*m - v. What is the units digit of m?
7
Let r(j) = 85*j**2 - j + 1. What is the units digit of r(1)?
5
Suppose 0*l + l = 5. Suppose 4*j - 5*q - 43 = 0, 2*j - l*q - 11 = -2. What is the tens digit of j?
1
Suppose -3*b + 732 = -f, 2*b = 7*b - 5*f - 1220. What is the units digit of b?
4
Let f = 82 - -5. What is the tens digit of f?
8
Suppose -a - 2*a = -4*s + 82, a = -s + 24. Suppose -2*k + s = -3*v + 7*v, k + 5 = 0. What is the units digit of v?
8
Let h(l) be the first derivative of -l**4/4 - l**3/3 + l**2/2 + 4*l - 3. What is the tens digit of h(-3)?
1
Suppose 9*v + v - 1550 = 0. What is the units digit of v?
5
Let v(n) = n**3 - 6*n**2 - 7*n + 5. Let j be v(7). Suppose -j - 25 = -3*i. What is the tens digit of i?
1
Let s(n) = n**2 - n - 1. Let t be s(2). Let q be (-3)/6*0/t. Suppose -x = -3, -3*b - x + 0*x + 18 = q. What is the units digit of b?
5
Let m be 4/(-10) + (-8)/5. What is the units digit of (-1*1)/(m/10)?
5
Suppose 0*r + 5*k = 5*r - 70, 4*r - 58 = 3*k. Suppose -p + c = 1, 0*p = -2*p - 5*c - r. Let j = p + 4. What is the units digit of j?
1
Suppose -4*x = -56 + 12. Suppose -5*h - x = -71. Let l = h - 7. What is the units digit of l?
5
Let w(f) = f**3 + 6*f**2 - 9*f + 1. Let p be w(-7). Suppose -2*q = -5*q + p. What is the units digit of q?
5
Suppose 16 = 4*g, 0 = a - g - g + 12. What is the units digit of (-2)/a*(17 + 1)?
9
Suppose -5*m = 25, w - 20 - 34 = 4*m. Let b = w + 5. What is the tens digit of b?
3
Suppose 8*m = 3*m. Suppose p - 5*k + 0 + 17 = 0, -2*p - 3*k + 18 = m. Suppose p*h + h = z - 25, 0 = -4*z + 5*h + 45. What is the units digit of z?
5
Let n(r) = -5*r**2 - 17*r - 12. Let k(w) = w**2 + 4*w + 3. Let b(p) = -9*k(p) - 2*n(p). Let h = 0 - 2. What is the units digit of b(h)?
5
Let s(j) = -j**2 + 12*j + 4. Let k(u) = 4*u**2 + 3*u. Let z be k(-2). What is the tens digit of s(z)?
2
Let b(h) be the third derivative of -h**4/24 + 2*h**2. What is the units digit of b(-7)?
7
Let k be ((-3)/2)/((-6)/152). Let i = -11 + k. Suppose -j + 2*j - 2*l - 11 = 0, -i = -2*j - l. What is the units digit of j?
3
Let d be 2 + 35 + 0/(-2). Suppose -4*f - u = -0*f - 127, -f + 5*u + d = 0. Suppose -2*a - 2*a = -f. What is the units digit of a?
8
Let r(l) = -4*l**2 + 3*l**2 + 0*l**2 + 5 + 6*l. What is the units digit of r(6)?
5
Let h(a) = -7*a**3 - a**2 - a - 1. Let p be 2*((-14)/(-4))/(-7). What is the units digit of h(p)?
6
Suppose -2*g - 3*c + 36 = -6*c, -3*g = c - 54. What is the tens digit of g?
1
Suppose 3*v = 8*v - 50. Let z(y) = 14*y**3 - y**2 - y - 1. Let f be z(-1). What is the units digit of (v/f)/((-4)/6)?
1
Suppose -21 = 2*t - 79. What is the units digit of t?
9
Suppose -5*z - 11 = 9, 3*j - z = 10. Let a be j - (-1 - (1 + -4)). What is the units digit of a + 1 + 1 + 5?
7
Let r = -26 + 12. Let m be ((-4)/r)/(-1)*-7. Suppose -m*v + 41 = 5*j, 5*v + 0 = 4*j - 13. What is the units digit of j?
7
Suppose -4*r = 4*n - 24, r + 3*n + 17 = 5*r. Suppose 9 + 21 = -r*j. What is the units digit of 4/j - 40/(-15)?
2
Let z = 0 + -2. Let i be (-6)/20*z*5. Suppose -11 = -i*g + 2*y, -4*y - 14 = -0*g + 2*g. What is the units digit of g?
1
Let k = 2 + 1. What is the units digit of 13 - 2/(2/k)?
0
Let f(t) = t**3 - 5*t**2 + 3*t + 2. What is the units digit of f(5)?
7
Let p(v) = -209*v - 44. Let a(f) = 14*f + 3. Let s(k) = -44*a(k) - 3*p(k). What is the tens digit of s(2)?
2
Let d(r) = 17*r**2 + 4*r - 1. What is the units digit of d(2)?
5
Let m(i) = i**3 - 13*i**2 + 17*i - 12. Let a be m(12). Suppose -4*l + a = -44. What is the units digit of l?
3
Suppose 12*u + 7524 = 30*u. What is the hundreds digit of u?
4
Let i(h) = h**2 - 4*h - 6. Let j be i(5). Let k = j - -7. What is the units digit of k?
6
Let z(p) = p**3 - 4*p**2 - 5*p + 6. Let o be z(5). Suppose 0*t = -t + o. Suppose 25 = t*m - m. 